e
Is 3384313 composite?
False
Is 3378589 a prime number?
True
Is 7626835 a composite number?
True
Is 197455721 a prime number?
True
Is 745931 composite?
False
Is 504661 a composite number?
False
Is 763769887 a composite number?
True
Is 1051438 a composite number?
True
Is 4634873 composite?
True
Is 57009829 composite?
False
Is 82757 prime?
True
Is 32830573 a prime number?
False
Is 5217479 a prime number?
False
Is 2795309 a prime number?
False
Is 3928559 a prime number?
False
Is 3557251 prime?
True
Is 22714255 a composite number?
True
Is 6550157 a composite number?
False
Is 39646903 prime?
False
Is 62647103 a composite number?
False
Is 18373699 a composite number?
True
Is 61113103 prime?
True
Is 2153 a composite number?
False
Is 1577987 composite?
False
Is 32407203 a prime number?
False
Is 3462661 prime?
False
Is 6339449 prime?
True
Is 3237221 prime?
False
Is 25807121 a prime number?
False
Is 70813661 composite?
False
Is 7818617 prime?
True
Is 8045821 prime?
False
Is 5346779 composite?
False
Is 26357138 a composite number?
True
Is 1444523 prime?
True
Is 39266363 composite?
True
Is 93438689 a composite number?
False
Is 51258373 composite?
False
Is 114945401 a prime number?
False
Is 33728693 a composite number?
False
Is 336473 prime?
False
Is 61725403 a composite number?
False
Is 94177 a composite number?
True
Is 244527 prime?
False
Is 7762331 a composite number?
False
Is 1767253523 prime?
False
Is 5514326 a composite number?
True
Is 46349159 prime?
True
Is 530845603 a composite number?
True
Is 5069759 a composite number?
False
Is 1186579429 prime?
False
Is 192888853 composite?
True
Is 7009469 prime?
True
Is 817846 composite?
True
Is 25237361 a composite number?
True
Is 958729 a composite number?
False
Is 173490257 a prime number?
True
Is 279226221 a composite number?
True
Is 1964113 composite?
False
Is 28115837 composite?
False
Is 994363 a composite number?
False
Is 35211911 a composite number?
True
Is 362541 composite?
True
Is 2768621 a prime number?
False
Is 14231341 composite?
False
Is 3498739 a prime number?
True
Is 5639069 prime?
True
Is 45143191 prime?
True
Is 9953791 a composite number?
True
Is 6667013 a composite number?
True
Is 94545127 a composite number?
False
Is 7235758 prime?
False
Is 931039 a composite number?
True
Is 4294259 a prime number?
True
Is 1687778 composite?
True
Is 55220962 a composite number?
True
Is 49268521 composite?
False
Is 144463357 composite?
True
Is 16201421 a prime number?
True
Is 21862769 prime?
False
Is 119784581 composite?
True
Is 83083919 a composite number?
False
Is 1898009 prime?
True
Is 7524791 a composite number?
True
Is 12118037 a prime number?
True
Is 5963 a prime number?
False
Is 6615607 a composite number?
True
Is 406481 prime?
True
Is 85379887 a composite number?
True
Is 51871307 a prime number?
True
Is 16728259 composite?
False
Is 592261 a composite number?
False
Is 96362969 a composite number?
True
Is 938155 composite?
True
Is 2512045 a composite number?
True
Is 47389871 a composite number?
True
Is 4053823 prime?
False
Is 34076831 a composite number?
False
Is 42664837 a prime number?
True
Is 34635059 composite?
True
Is 3433411 prime?
True
Is 275343631 a prime number?
True
Is 4290641 composite?
False
Is 1444181 composite?
False
Is 13077859 prime?
True
Is 110490671 a prime number?
True
Is 42465509 a composite number?
False
Is 79983737 a prime number?
True
Is 368521483 prime?
False
Is 129654069 prime?
False
Is 39129653 composite?
False
Is 19262543 prime?
True
Is 59679577 composite?
True
Is 135111281 a prime number?
True
Is 1043969 a composite number?
False
Is 1544311 composite?
False
Is 878637611 a prime number?
True
Is 7120843 prime?
False
Is 362042683 composite?
False
Is 48090103 composite?
False
Is 1065557 prime?
True
Is 2818273 a composite number?
True
Is 4979193 composite?
True
Is 72555979 composite?
False
Is 9092879 composite?
True
Is 955679459 a composite number?
True
Is 1872751 a composite number?
False
Is 138538041 composite?
True
Is 64744621 prime?
True
Is 29663223 prime?
False
Is 3350221 a prime number?
False
Is 6551497 prime?
True
Is 5666894 a prime number?
False
Is 7992659 a prime number?
True
Is 20358131 composite?
False
Is 353423093 a composite number?
True
Is 188618015 prime?
False
Is 309726679 a prime number?
True
Is 119853157 a composite number?
False
Is 5850277 prime?
False
Is 6832135 a prime number?
False
Is 8749549 composite?
False
Is 854479 a prime number?
True
Is 7751 a prime number?
False
Is 12974267 prime?
True
Is 4610479 prime?
True
Is 6489523 a prime number?
False
Is 31921321 prime?
True
Is 2208257 a prime number?
True
Is 8415131 a prime number?
False
Is 28094147 composite?
False
Is 2452591 a composite number?
True
Is 20067787 a prime number?
False
Is 103128397 prime?
False
Is 17881639 a composite number?
True
Is 3766559 a composite number?
False
Is 19367951 prime?
True
Is 3097223 a prime number?
True
Is 364289 composite?
False
Is 609718895 a prime number?
False
Is 3992713 a composite number?
False
Is 494979319 composite?
True
Is 16718851 a composite number?
False
Is 47204769 a composite number?
True
Is 1008955 prime?
False
Is 13078201 a composite number?
True
Is 49275887 composite?
True
Is 3795853 a composite number?
False
Is 1485311 a composite number?
True
Is 2203589 a composite number?
False
Is 55615319 composite?
False
Is 799013 prime?
False
Is 272879237 a prime number?
False
Is 346933 a prime number?
True
Is 21527383 a prime number?
False
Is 457939529 a prime number?
True
Is 6207361 prime?
False
Is 181503178 composite?
True
Is 299591 prime?
False
Is 1021621 prime?
True
Is 232739 composite?
True
Is 2578261 a composite number?
True
Is 54212287 a prime number?
True
Is 593207 composite?
False
Is 1995211 composite?
False
Is 6190487 a composite number?
False
Is 38288311 composite?
False
Is 219323 prime?
False
Is 6319247 composite?
True
Is 38184365 a prime number?
False
Is 72002471 a composite number?
True
Is 462965777 prime?
False
Is 1087 composite?
False
Is 6949927 composite?
False
Is 131865089 a prime number?
True
Is 30108257 a prime number?
True
Is 1312939 prime?
False
Is 828101 composite?
False
Is 23842846 prime?
False
Is 4993757 a prime number?
True
Is 389503469 prime?
True
Is 88324851 a prime number?
False
Is 32617567 a composite number?
False
Is 11592563 a prime number?
True
Is 52287913 a prime number?
False
Is 6291083 a composite number?
True
Is 17680037 a composite number?
True
Is 427697 prime?
False
Is 75811951 prime?
False
Is 602886441 prime?
False
Is 60598029 composite?
True
Is 31027307 a composite number?
False
Is 445567 prime?
True
Is 236967653 composite?
True
Is 7844066 a prime number?
False
Is 21709 a prime number?
False
Is 66508457 a prime number?
True
Is 169104607 composite?
True
Is 913591 a composite number?
True
Is 36184978 a composite number?
True
Is 11312377 a composite number?
False
Is 2370217 prime?
True
Is 16113511 composite?
True
Is 48983107 composite?
True
Is 70023157 a prime number?
True
Is 123960919 a prime number?
True
Is 124372861 composite?
False
Is 5612419 prime?
False
Is 1438171 a composite number?
True
Is 69001203 prime?
False
Is 871475469 composite?
True
Is 302042959 a prime number?
True
Is 1415333 prime?
False
Is 1997329 composite?
True
Is 32844209 a prime number?
False
Is 228308321 a composite number?
False
Is 2710087 composite?
False
Is 870719231 a composite number?
False
Is 34101227 a prime number?
True
Is 1708033 prime?
True
Is 261223247 prime?
True
Is 11180999 a composite number?
False
Is 36482879 composite?
False
Is 17529329 a composite number?
True
Is 134075219 composite?
False
Is 7552109 composite?
False
Is 1688723 a prime number?
False
Is 1856915 composite?
True
Is 53482823 composite?
False
Is 85724201 composite?
False
Is 10247299 prime?
False
Is 2684221 a composite number?
True
Is 15558799 a prime number?
True
Is 133329613 prime?
False
Is 181367 a composite number?
True
Is 23746301 a composite number?
False
Is 15454301 a prime number?
True
Is 3386983 a prime number?
True
Is 114181399 a composite number?
False
Is 26939707 prime?
True
Is 210901 a prime number?
True
Is 9600047 a prime number?
True
Is 1448581 prime?
False
Is 112621 a composite number?
False
Is 68386931 composite?
False
Is 1074251 prime?
True
Is 173473 composit